late the remainder when i is divided by 25.
22
Let d = -31 - -59. Let b = 1 + 27. Suppose 2*p - 2*u = b, 3*p - p = -4*u + 4. What is the remainder when d is divided by p?
8
Suppose 0 = -5*b - 607 + 1687. Suppose -3*d + b = d - 4*r, 3*r + 48 = d. Calculate the remainder when d is divided by 20.
17
Suppose 10*o = -5*i + 5*o - 60, -4 = o. Calculate the remainder when -1 - ((-2 - -1) + -34) is divided by (-94)/i - 2/(-8).
10
Let i = -177 + 194. Calculate the remainder when 117 is divided by i.
15
Let u = -2 + 10. Suppose 116 = 4*p + u. What is the remainder when p is divided by 7?
6
Let u(y) = 2*y + 8. What is the remainder when u(5) is divided by 10?
8
Suppose -5*p = 3*j + j - 185, -4*j + 4*p + 140 = 0. Let x(k) be the third derivative of k**4/6 - k**3 + 4*k**2. What is the remainder when j is divided by x(5)?
12
Let s(t) = 3*t + 75. What is the remainder when 61 is divided by s(-18)?
19
Let g(r) = -130*r + 2. Calculate the remainder when g(-1) is divided by 27.
24
Suppose 34 = n + 21. What is the remainder when 102 is divided by n?
11
Suppose -4*l + 120 = -l. Let s(b) = -b**3 - 9*b**2 - 6*b + 6. What is the remainder when s(-9) is divided by 206/10 + 16/l?
18
Suppose 3 + 5 = 4*x. What is the remainder when 4 is divided by x?
0
Suppose -3*t + 46 = -k, 6*t - 3*k = t + 82. Let s(o) be the first derivative of -39*o**2/2 + o - 2. What is the remainder when s(-1) is divided by t?
12
Suppose 0 = -5*a + 4*a + 3. Calculate the remainder when 11 is divided by a.
2
Suppose a = -3*f + 2, -3*a + 38 = -0*f + f. Let j(q) be the third derivative of 3*q**4/8 - q**3/6 + 4*q**2. What is the remainder when a is divided by j(1)?
6
Suppose 0 = -t + 5*a + 9, 3*a + 7 = t - 2. Calculate the remainder when 24 is divided by t.
6
Let c = 10 - 2. What is the remainder when 21 is divided by c?
5
Let t(q) be the first derivative of 4*q**2 + 10*q - 6. What is the remainder when t(12) is divided by 27?
25
Let j = -14 - -44. Calculate the remainder when j is divided by 8.
6
Let j(p) = -4*p - 15. What is the remainder when 44 is divided by j(-6)?
8
Suppose -29 - 7 = -2*t. What is the remainder when t is divided by 7?
4
Suppose 2*x + a - 6*a - 13 = 0, -2*x - 2*a + 6 = 0. Suppose 2*p + 2 = -j + 5, 4*j + x*p - 32 = 0. What is the remainder when 37 is divided by j?
11
Let m = -3 + 6. Suppose -2*f = 3*q - 16, -m*f + 2*f - 1 = -3*q. Let v(d) = 3*d**2 - d. What is the remainder when v(q) is divided by 6?
4
Let p(k) = k - 4. Let g be p(-5). Let s be (1 + 12/g)*0. Let r(m) = -m**2 + m + 14. Calculate the remainder when 40 is divided by r(s).
12
Suppose 4*w - 530 = -0*u - u, -10 = 5*u. Let s = -95 + w. Suppose -s = -4*r + 38. What is the remainder when 37 is divided by r?
18
Let c = 17 - 12. Calculate the remainder when 14 is divided by c.
4
Let g = -1 + 10. Let s = 13 + 2. Suppose s = 2*v + v. What is the remainder when g is divided by v?
4
Let l(w) = 4*w. Let o(y) = -y**3 - 3*y**2 + 6*y - 5. Let z(u) = -u**3 + 9*u**2 - 8*u - 5. Let x be z(8). What is the remainder when o(x) is divided by l(2)?
7
Let t(c) = -c**2 - c + 35. Let w be t(0). Suppose -s + w = 4*s. Calculate the remainder when 13 is divided by s.
6
Suppose -r - 25 = -6*r - 5*a, -22 = -4*r - 5*a. Let t = -3 + 8. Let q = t + 0. What is the remainder when q is divided by r?
2
Suppose 5 = 4*r - 15. Suppose -5*s = -7*s + 28. What is the remainder when s is divided by r?
4
Let k be (-275)/30 - (-2)/12. Let h = 31 + k. What is the remainder when h is divided by 12?
10
Suppose w + 413 = 4*x - 2*w, -3*x + 336 = 3*w. Calculate the remainder when x is divided by 36.
35
Suppose -g + 4 = -23. Calculate the remainder when g is divided by 10.
7
Let l = -77 - -124. Suppose 10 = s - 6. What is the remainder when l is divided by s?
15
Suppose 4*s - 3*s = 14. Calculate the remainder when 38 is divided by s.
10
Let f = 165 + -144. Let i(v) = -v. Let s(j) = 7*j + 1. Let r(c) = -3*i(c) + s(c). What is the remainder when f is divided by r(1)?
10
Let r = -3 - -5. Calculate the remainder when 0 - -4 - (2 + -3) is divided by r.
1
What is the remainder when 95 is divided by (-1)/((-5)/(66 - -4))?
11
Let k = 5 - 2. Suppose 4*c - 64 = 3*c. Suppose -c = k*f - 7*f. What is the remainder when f is divided by 9?
7
Let l = 18 - 4. Calculate the remainder when l is divided by 2/(-9) + (-846)/(-162).
4
Let k be (8/(-3))/(22/(-99)). Suppose c + 2*c = k. Calculate the remainder when (10*-1*1)/(-1) is divided by c.
2
Let r(m) = -m**3 + 2*m**2 + 6*m. Calculate the remainder when r(3) is divided by 3.
0
Calculate the remainder when 51 is divided by (-56)/(-2) + (0/9)/9.
23
Let k = -27 + 47. Suppose 0 = -r - r + 158. Calculate the remainder when r is divided by k.
19
Let g = -73 + 81. Suppose -3*i + 0*r - r = -55, -5*i - 2*r + 90 = 0. What is the remainder when i is divided by g?
4
Suppose 0 = 2*b + l - 62, 2*b + 7*l - 4*l - 54 = 0. What is the remainder when 164 is divided by b?
32
Let u = 1 - -6. Suppose 2*x + 2*w - u*w - 24 = 0, -2*x - w + 48 = 0. Calculate the remainder when x is divided by 8.
6
Let p be -3 + (-3 - -10) + 0. Suppose p*m - 78 = -2*m. Let n = 16 + -9. What is the remainder when m is divided by n?
6
Let h = -5 - 0. Let r(l) = l**2 + 6*l - 2. Let f be r(h). What is the remainder when 32 is divided by (-79)/f - (-2)/(-7)?
10
Suppose 0 = 2*x + 3*h - 29, 0 = -0*x + 2*x - 5*h - 69. Let y = x - 6. What is the remainder when 29 is divided by y?
13
Let g = 9 - -3. Let j(w) = w. What is the remainder when 44 is divided by j(g)?
8
Suppose u - 3*m + 8 = 2*u, -3*m = 2*u - 13. Suppose -n + 1 + 1 = -u*c, -5*c = 2*n - 34. What is the remainder when 33 is divided by n?
9
Suppose -3*m + 2*w = -282, -198 = 2*m - 4*m - 2*w. What is the remainder when m is divided by 50?
46
Let n(w) = w**3 + 8*w**2 + 6*w + 4. Let d be n(-6). Let l = -28 + d. What is the remainder when 22 is divided by l?
10
Let w(c) = -c**3 + 6*c**2 + 8*c - 3. Calculate the remainder when w(7) is divided by (-36)/(-21) + (-4)/(-14).
0
Suppose 0 = -t - 3*t + 56. What is the remainder when t is divided by 8?
6
Let v(j) = j**3 - 5*j**2 + 9. What is the remainder when 44 is divided by v(5)?
8
Let y be (-1)/(-1 - 0) + 61. Suppose -b = 3*q - y, -2*q = -0*q + b - 42. Suppose -3*h + q = -h. What is the remainder when 19 is divided by h?
9
Let z = 87 - 32. What is the remainder when z is divided by 19?
17
Suppose -3*y + 39 - 6 = 0. What is the remainder when 20 is divided by y?
9
Let b(i) = 4 - i + 2*i + 2*i**2 + 2*i. Calculate the remainder when b(-4) is divided by (-37)/(-3) + 8/12.
11
Suppose -2*g - 6*g + 88 = 0. What is the remainder when 39 is divided by g?
6
Suppose -78 = -3*m - 0*m. What is the remainder when m is divided by (-11)/(66/18)*(-14)/6?
5
Let k be ((-2)/(-1))/((-1)/6). Let g(y) = y**3 + 11*y**2 - 12*y + 10. What is the remainder when 19 is divided by g(k)?
9
Let i(d) be the first derivative of 9*d**2 + 2*d + 4. Suppose -5 = -4*k + 3. Calculate the remainder when i(k) is divided by 20.
18
Suppose -z + 4*v = -57, 2*v = -3*z + 3*v + 149. Let g = 78 - z. Calculate the remainder when g is divided by (32 - 2)/(-2)*-1.
14
Suppose 2*o = -0*o + 44. Calculate the remainder when o is divided by 6.
4
Suppose -u + 11 + 27 = 0. Calculate the remainder when u is divided by 20.
18
Let r be 3/(6/(-4)) - -4. Let f(d) = d + 7 - r*d + 1 - 3. Calculate the remainder when f(-7) is divided by 5.
2
Let p = 9 - 6. Suppose 0 = x - 5 + 2. Calculate the remainder when 2 - (x - 0)/p is divided by 1.
0
Let k(l) = 7*l**2 + l + 3. What is the remainder when k(4) is divided by 30?
29
Let y = -17 - -23. Suppose -4*g = w + y, 3*g + 22 = 3*w - 2*w. What is the remainder when w is divided by 4?
2
Suppose 7*o - 24 = 2*o - 2*g, o + 3*g = 10. What is the remainder when (2/6)/(8 + 760/(-96)) is divided by o?
0
Let t(h) = 42*h**3 + 3*h**2 - 2*h. Calculate the remainder when t(1) is divided by 22.
21
Calculate the remainder when (-16)/(-88) + 590/22 is divided by 10.
7
Suppose -5*p + 4*t = -86, -3*p + 0*t + 58 = -4*t. Calculate the remainder when 97 is divided by p.
13
Let d(a) = -29*a. Suppose 0*r + 3*r + 4*b = 13, -2*b + 6 = 2*r. Calculate the remainder when 57 is divided by d(r).
28
Suppose -z + 185 = 4*z. Calculate the remainder when z is divided by 8.
5
Let b(w) = 2*w**2 + w + 8. Calculate the remainder when 85 is divided by b(